 divided by 38?
35
Suppose -31*i - 1635 = -1945. Calculate the remainder when 1529 is divided by i.
9
Calculate the remainder when (20 - 63)/((-2)/147*(-42)/(-28)) is divided by 106.
93
Let u = -10639 - -10876. What is the remainder when 501 is divided by u?
27
Let y(v) = -v**3 + 4*v**2 - v + 7. Let h be y(6). Suppose 3*u + 6*o = 4*o - 108, 36 = -u + 4*o. Let q = u - h. Calculate the remainder when q is divided by 13.
9
Suppose -h - 80 = -6*h + 5*v, 0 = -5*h + v + 76. Suppose -2*u = h + 3. What is the remainder when 6698/153 - 2/u is divided by 17?
10
Let v = -96 + 154. What is the remainder when 1158 is divided by v?
56
Let q(r) = 1662*r**3 - 4*r**2 + 4*r - 2. Let g be q(1). Suppose 0 = -10*y + 30*y - g. What is the remainder when 161 is divided by y?
78
Let b = 35 + -24. Let k = -5397 + 5505. What is the remainder when k is divided by b?
9
Suppose 39046*w = 39003*w + 860. What is the remainder when 5935 is divided by w?
15
What is the remainder when (0 - -746)/(18 - (-800)/(-45)) is divided by 80?
77
Suppose 28*b - 30*b + 16 = 0. Suppose 0 = 4*i - 4*w - 64, -3*w = i - 11 + 3. What is the remainder when i is divided by b?
6
Let l(j) = -5*j**3 - 9*j - 5*j**2 - 4*j**3 + 3*j**3 + 3*j**3 + 29 + 15*j. Calculate the remainder when l(-4) is divided by 29.
1
Suppose 2*t - 67 - 15 = 4*b, -2*b = -4. What is the remainder when 176 is divided by t?
41
Let r be 6/9 - 136/(-12). Calculate the remainder when 4/r - (-4130)/21 is divided by 67.
63
Suppose 5*b - 11 = i, 3*i + 3*b - 21 = -0*i. Suppose i*f = -0*f - 5*p + 190, 2*p = -4. What is the remainder when 95 is divided by f?
45
Suppose 10*w = 6*w + 3*v + 496, -351 = -3*w - 3*v. Calculate the remainder when 372 is divided by w.
9
Suppose 2*x - 4 = a, 3*x + 1 = -0*x + 5*a. Suppose -n - 3*k = -18, -54 = -x*n - 0*k - 2*k. What is the remainder when n is divided by 15?
3
Let r = -195 - -202. Calculate the remainder when 2/r + (-1664)/(-7) is divided by 8.
6
Calculate the remainder when 2092 is divided by (20768/(-59))/(0 + -1) + (-8 - -1).
22
Let h = 2924 + -1472. Suppose -8*d - h = -20*d. What is the remainder when d is divided by 31?
28
Suppose 4*c - 75 = 4*r + 21, -5*c + 147 = 4*r. Suppose -10*u = -7*u - 27. Calculate the remainder when c - (0 + 1 - -2) is divided by u.
6
Suppose 3*c - 8940 = -2*f, -204*f - 5*c = -199*f - 22350. What is the remainder when f is divided by 9?
6
Let i = 4954 - 4916. Let d = 18 + -6. What is the remainder when i is divided by d?
2
Let d = 185 - 44. What is the remainder when 1271 is divided by d?
2
Let y be 5/2*(-446)/(-5). Let r = y - 153. Calculate the remainder when r is divided by 37.
33
Suppose -20*u + a = -665, 165*u - 2*a + 166 = 169*u. Suppose 319 = 5*s + 4*b, 0*b - 127 = -2*s - b. What is the remainder when s is divided by u?
29
Let f(y) = -y**2 - 102*y - 1536. Calculate the remainder when f(-49) is divided by 281.
218
Let v = -9208 + 10966. What is the remainder when v is divided by 437?
10
Suppose -2*h + 3*j = -64, 5 - 13 = -4*j. What is the remainder when h is divided by (-40)/(-8) + (-5 - -9)?
8
Suppose 53*m = -11504 + 111144. What is the remainder when m is divided by 15?
5
Suppose -4*k - 5*u + 2261 = 0, 3*u + 1667 = 3*k + u. What is the remainder when k is divided by 113?
107
Let r = 301 - 199. Suppose -10*f = -13*f + 78. Calculate the remainder when r is divided by f.
24
Let x be (-4)/7 + 382/7. Let d = -43 + x. Let b = d + -6. What is the remainder when 9 is divided by b?
4
Suppose 11*s + 8*s - 7*s - 17436 = 0. What is the remainder when s is divided by 52?
49
Suppose -67*m + 63*m + 83 = 5*p, 0 = 4*p + 20. Suppose h - 65 + m = 0. Calculate the remainder when 187 is divided by h.
35
Let j be ((-56)/112)/(2 + (-7)/4). What is the remainder when 662 is divided by (-1 + j)*(-204)/36?
16
Let u(x) = x**3 + 10*x**2 + x - 26. Let y be (-8)/28 + (-61)/7. What is the remainder when u(y) is divided by 17?
12
Let n = -10981 + 12549. Calculate the remainder when n is divided by 390.
8
Suppose 2097 = -2*b + s + 11052, 0 = -4*b + 3*s + 17909. Calculate the remainder when b is divided by 28.
26
Let g(k) = 2*k**2 + 3*k + 1. Let s = -78438 + 78517. Calculate the remainder when s is divided by g(-4).
16
Let q = 583 - 575. Suppose 130 = 6*f - 32. Calculate the remainder when f is divided by q.
3
Let f(n) = n**3 + 11*n**2 - 40*n - 230. What is the remainder when 1370 is divided by f(-12)?
98
Let f(l) = l**2 - 16*l + 66. Let b be f(8). Suppose -b*o = 2*u - 52, 11*o = 7*o - 3*u + 102. Calculate the remainder when 35 is divided by o.
11
Let k = -18429 - -20643. What is the remainder when k is divided by 732?
18
Let n = 70 + -67. Suppose -423 = -4*f - 5*s, -4*f - n*s - 23 + 448 = 0. Calculate the remainder when f is divided by 3*(5 + 0 + -1).
11
Let m be 8/4*(-3790)/20. Let d = -362 - m. Calculate the remainder when (6/3)/((-4)/(-98)) is divided by d.
15
Let v(i) = -i**2 + 31*i - 82. Let n be v(28). Suppose z - n*t = 105, -z - 4*t + 135 = -0*z. Calculate the remainder when z is divided by 31.
22
What is the remainder when 582 is divided by (79 - -10)/(0 + 1) - -8?
0
Suppose -881*h + 7420 = -891*h. Let q = 779 + h. Calculate the remainder when 255 is divided by q.
33
Let d(w) = -516*w - 1167. What is the remainder when d(-19) is divided by 2875?
12
Let t be 5/((-40)/(-3032)) - -5. Let f = 490 - t. What is the remainder when f is divided by 60?
46
Let c be 19*2*2/((-8)/4). Let t = -28 - c. What is the remainder when 68 is divided by t?
8
Suppose -b - 3 = 0, 643 = 5*w - b + 5*b. Let r = 926 - 879. What is the remainder when w is divided by r?
37
Let y = -3630 - -5947. Calculate the remainder when y is divided by 54.
49
Let v = 37 - 37. Suppose 5*z - 105 = -5*w, 2*z + v - 17 = -w. Suppose -15 = -4*r + 3*r. What is the remainder when w is divided by r?
10
Suppose 3*c = p + 154, p = 4*c - 157 - 50. What is the remainder when c is divided by 315/(-23 - -2) - -26?
9
Suppose 5*v + 5*g = 615, -2*g = -3*g + 2. What is the remainder when 4107 is divided by v?
114
Suppose -59*v + 1500 = 77 + 125. Calculate the remainder when 365 is divided by v.
13
Let r(i) = 2*i**2 + 41*i + 43. Let t(w) = -w - 1. Let m(c) = -r(c) - 3*t(c). Let d be m(-18). What is the remainder when 2968/20 + d/10 is divided by 30?
28
Suppose 0 = 5*t + 5*d - 985, -5*t - 7*d + 1006 = -9*d. Calculate the remainder when t is divided by 16.
8
Let p(l) = -l**3 + 7*l**2 + 3*l - 14. Let s = -64 + 222. Calculate the remainder when s is divided by p(7).
4
Suppose -2*g = -2*m + 6, 6*m - 8 = 3*m + 4*g. Suppose c - 2*l - 7 + 3 = 0, 5*l = -m*c + 29. Calculate the remainder when c is divided by 3.
0
Suppose 852*x = 857*x + 55. Let c(i) = 12*i + 189. What is the remainder when 110 is divided by c(x)?
53
Suppose 4*c + 12 = 3*y, -5*y = -0*y - 20. Suppose c = 17*p - p - 320. Calculate the remainder when 337 is divided by p.
17
Suppose -3*b + 82 - 3 = -2*j, -4*b = -5*j - 117. Let y = 76 - b. Let a = y - 31. What is the remainder when a is divided by 14?
8
Let o(x) = 7 + 0*x + 8*x - 3. Suppose 833*c = 858*c - 346 + 46. Calculate the remainder when o(5) is divided by c.
8
Suppose 267*w - 1197 = 246*w. Calculate the remainder when 6831 is divided by w.
48
Suppose 23*k + 13*k + 55*k - 733733 = 0. What is the remainder when k is divided by 112?
111
Suppose 0 = -14632*h + 14614*h + 414. What is the remainder when 627 is divided by h?
6
Suppose 0 = 16*h + 1956 - 8484. Calculate the remainder when h is divided by 82.
80
Suppose b + 3*b - 5*h + 11 = 0, 0 = 4*b - 2*h + 2. What is the remainder when ((0 - 0) + b)*293 is divided by 49?
48
Let x(r) = -45*r + 3. Let n be x(-3). Let y = -80 + n. Let p = -19 - -34. What is the remainder when y is divided by p?
13
Suppose 200 = 33*n + 17*n. Suppose -57 = -4*s - 3*u, -11 = -3*s - 5*u + 29. What is the remainder when 4 - (-5)/(s/6) is divided by n?
2
Suppose 12*y = 13*y - 5. Suppose -7*g + y*g - 122 = 0. Let v = -41 - g. Calculate the remainder when 56 is divided by v.
16
Suppose k - 114 = -2*k. What is the remainder when k is divided by (-430)/(-55) + (-6)/(-33)?
6
What is the remainder when 0 + (598 - -1) - 819/(-91) is divided by 198?
14
Calculate the remainder when 1772 is divided by 15*20/(-330)*-22.
12
Let b(t) be the second derivative of t**4/2 + 23*t**3/6 - t**2/2 - 85*t. Let w(f) = f**2 - f. Calculate th